 is divided by 243.
13
What is the remainder when 52 is divided by 33?
19
Calculate the remainder when 1221 is divided by 91.
38
Calculate the remainder when 123 is divided by 22.
13
Calculate the remainder when 7569 is divided by 46.
25
Calculate the remainder when 1217 is divided by 174.
173
Calculate the remainder when 636 is divided by 71.
68
Calculate the remainder when 36 is divided by 21.
15
Calculate the remainder when 427 is divided by 108.
103
Calculate the remainder when 1502 is divided by 511.
480
What is the remainder when 139 is divided by 35?
34
Calculate the remainder when 359 is divided by 20.
19
Calculate the remainder when 326 is divided by 43.
25
Calculate the remainder when 643 is divided by 158.
11
Calculate the remainder when 279 is divided by 270.
9
What is the remainder when 363 is divided by 143?
77
What is the remainder when 57 is divided by 35?
22
Calculate the remainder when 1303 is divided by 82.
73
What is the remainder when 1609 is divided by 124?
121
What is the remainder when 614 is divided by 103?
99
What is the remainder when 131 is divided by 26?
1
Calculate the remainder when 103 is divided by 68.
35
What is the remainder when 873 is divided by 23?
22
What is the remainder when 613 is divided by 2?
1
Calculate the remainder when 131 is divided by 16.
3
Calculate the remainder when 973 is divided by 39.
37
Calculate the remainder when 1307 is divided by 105.
47
Calculate the remainder when 5111 is divided by 165.
161
Calculate the remainder when 273 is divided by 94.
85
Calculate the remainder when 137 is divided by 4.
1
Calculate the remainder when 3374 is divided by 11.
8
Calculate the remainder when 419 is divided by 84.
83
What is the remainder when 3997 is divided by 100?
97
What is the remainder when 5279 is divided by 48?
47
Calculate the remainder when 43903 is divided by 83.
79
What is the remainder when 10966 is divided by 31?
23
What is the remainder when 1804 is divided by 448?
12
Calculate the remainder when 319 is divided by 175.
144
Calculate the remainder when 669 is divided by 67.
66
Calculate the remainder when 671 is divided by 49.
34
Calculate the remainder when 478 is divided by 436.
42
Calculate the remainder when 7705 is divided by 30.
25
Calculate the remainder when 274 is divided by 71.
61
What is the remainder when 712 is divided by 177?
4
What is the remainder when 321 is divided by 46?
45
Calculate the remainder when 508 is divided by 18.
4
Calculate the remainder when 41 is divided by 28.
13
What is the remainder when 344 is divided by 50?
44
What is the remainder when 200 is divided by 13?
5
What is the remainder when 108 is divided by 7?
3
Calculate the remainder when 1367 is divided by 36.
35
What is the remainder when 2773 is divided by 111?
109
What is the remainder when 273 is divided by 25?
23
Calculate the remainder when 244 is divided by 66.
46
What is the remainder when 424 is divided by 25?
24
Calculate the remainder when 86 is divided by 36.
14
Calculate the remainder when 333 is divided by 111.
0
Calculate the remainder when 562 is divided by 22.
12
Calculate the remainder when 1754 is divided by 13.
12
Calculate the remainder when 217 is divided by 76.
65
What is the remainder when 177 is divided by 18?
15
Calculate the remainder when 166 is divided by 2.
0
Calculate the remainder when 510 is divided by 165.
15
Calculate the remainder when 37 is divided by 19.
18
Calculate the remainder when 719 is divided by 36.
35
What is the remainder when 568 is divided by 189?
1
Calculate the remainder when 693 is divided by 27.
18
What is the remainder when 285 is divided by 16?
13
Calculate the remainder when 1461 is divided by 15.
6
What is the remainder when 3379 is divided by 17?
13
What is the remainder when 328 is divided by 33?
31
Calculate the remainder when 837 is divided by 70.
67
What is the remainder when 249 is divided by 14?
11
Calculate the remainder when 72 is divided by 6.
0
Calculate the remainder when 81 is divided by 22.
15
What is the remainder when 6534 is divided by 6529?
5
What is the remainder when 23 is divided by 2?
1
Calculate the remainder when 1138 is divided by 125.
13
Calculate the remainder when 483 is divided by 20.
3
Calculate the remainder when 373 is divided by 18.
13
What is the remainder when 673 is divided by 58?
35
Calculate the remainder when 181 is divided by 70.
41
What is the remainder when 43125 is divided by 18?
15
Calculate the remainder when 467 is divided by 396.
71
What is the remainder when 245 is divided by 19?
17
What is the remainder when 911 is divided by 240?
191
Calculate the remainder when 700 is divided by 118.
110
Calculate the remainder when 956 is divided by 135.
11
Calculate the remainder when 1194 is divided by 133.
130
Calculate the remainder when 645 is divided by 71.
6
What is the remainder when 6623 is divided by 30?
23
Calculate the remainder when 857 is divided by 169.
12
Calculate the remainder when 7725 is divided by 42.
39
Calculate the remainder when 1410 is divided by 232.
18
What is the remainder when 425 is divided by 389?
36
Calculate the remainder when 48 is divided by 33.
15
What is the remainder when 1094 is divided by 18?
14
What is the remainder when 231 is divided by 18?
15
Calculate the remainder when 338 is divided by 35.
23
What is the remainder when 1119 is divided by 22?
19
Calculate the remainder when 173 is divided by 4.
1
What is the remainder when 175 is divided by 13?
6
What is the remainder when 789 is divided by 72?
69
Calculate the remainder when 52 is divided by 29.
23
Calculate the remainder when 352 is divided by 204.
148
What is the remainder when 2345 is divided by 76?
65
Calculate the remainder when 32 is divided by 9.
5
What is the remainder when 423 is divided by 59?
10
What is the remainder when 293 is divided by 74?
71
What is the remainder when 491 is divided by 38?
35
Calculate the remainder when 104 is divided by 18.
14
What is the remainder when 78 is divided by 30?
18
Calculate the remainder when 20 is divided by 6.
2
Calculate the remainder when 2182 is divided by 373.
317
What is the remainder when 76 is divided by 42?
34
What is the remainder when 248 is divided by 124?
0
What is the remainder when 806 is divided by 18?
14
Calculate the remainder when 5646 is divided by 10.
6
What is the remainder when 662 is divided by 51?
50
Calculate the remainder when 1365 is divided by 340.
5
Calculate the remainder when 739 is divided by 246.
1
What is the remainder when 96 is divided by 11?
8
Calculate the remainder when 4983 is divided by 89.
88
Calculate the remainder when 290 is divided by 51.
35
Calculate the remainder when 157 is divided by 24.
13
Calculate the remainder when 863 is divided by 77.
16
Calculate the remainder when 21754 is divided by 42.
40
What is the remainder when 387 is divided by 44?
35
What is the remainder when 8923 is divided by 113?
109
What is the remainder when 74 is divided by 24?
2
What is the remainder when 6295 is divided by 67?
64
What is the remainder when 866 is divided by 109?
103
Calculate the remainder when 697 is divided by 234.
229
What is the remainder when 309 is divided by 49?
15
Calculate the remainder when 28 is divided by 6.
4
Calculate the remainder when 4126 is divided by 32.
30
Calculate the remainder when 202 is divided by 192.
10
Calculate the remainder when 317 is divided by 39.
5
What is the remainder when 3056 is divided by 38?
16
Calculate the remainder when 215 is divided by 28.
19
What is the remainder when 158 is divided by 33?
26
What is the remainder when 529 is divided by 259?
11
Calculate the remainder when 12 is divided by 8.
4
What is the remainder when 418 is divided by 77?
33
Calculate the remainder when 69 is divided by 22.
3
Calculate the remainder when 59 is divided by 20.
19
What is the remainder when 4186 is divided by 38?
6
What is the remainder when 170 is divided by 43?
41
Calculate the remainder when 500 is divided by 21.
17
Calculate the remainder when 2076 is divided by 104.
100
What is the remainder when 1891 is divided by 11?
10
Calculate the remainder when 215 is divided by 18.
17
Calculate the remainder when 42 is divided by 5.
2
Calculate the remainder when 331 is divided by 83.
82
C